se
Let o = -87 - -89. Suppose o*k - 3*k = 36. Let p = 193 + k. Is p a composite number?
False
Suppose 2*m - 34430 = -3*w, 10*m = 8*m - 5*w + 34438. Is m a composite number?
False
Is 63172 - -1 - (5/((-65)/91) - -1) a composite number?
False
Let t = 59252 - 21535. Is t a prime number?
True
Let g be (-1)/(1755/875 + -2). Let h = g + 504. Is h composite?
True
Suppose 5*n - 243 = 117. Suppose 4206 = 75*k - n*k. Is k a prime number?
False
Let s(p) = 3*p**3 - 19*p**2 + 9*p - 15. Let y be s(6). Suppose q = -2*x + 10533, y*x - 8 = -x. Is q prime?
True
Suppose -2*u - 4*x + 37678 = 0, 0 = 5*u - 10*x + 9*x - 94195. Is u a prime number?
True
Is (187304/(-16))/(((-110)/(-20))/(-11)) a prime number?
False
Suppose 406*a - 441*a + 3450755 = 0. Is a a prime number?
False
Let s = 20 - 16. Suppose -j = -0*i - s*i + 14, 0 = 2*i + 4*j + 2. Suppose -i*h + 6*h = 333. Is h a composite number?
True
Suppose -3*k = -2*k - 15. Let o(w) = -134*w**3 - 3*w**2 - 2*w + 1. Let l be o(-1). Let j = l + k. Is j a composite number?
False
Let a = -18 - -13. Let p = 134 - 135. Is 99 + a + 1/p composite?
True
Let m be 1/(-5) - (-4)/10*374083. Suppose -5*j - 107048 + 481096 = g, 5*g = -2*j + m. Is j composite?
True
Let s = 84 - 84. Suppose s = 2*t + t - 4*x + 40, -x - 25 = t. Let l(u) = -u**3 - 18*u**2 + 22*u - 29. Is l(t) prime?
True
Let a(y) = 216*y**2 - 7. Let t(q) = -215*q**2 + 6. Let r be ((-3)/(-9) - 0) + 64/(-12). Let o(z) = r*a(z) - 6*t(z). Is o(-2) prime?
True
Let a be (-2)/12 - 38/(-12). Suppose 2*b + 37 = -a. Is 2426*((-8)/b + (-1)/(-10)) prime?
True
Suppose -219*t = -184*t - 20944735. Is t a prime number?
True
Let m(q) = -26*q + 25. Let g(a) = 4*a - 157. Let j be g(37). Is m(j) prime?
False
Let c(j) = 337 - 333 + 0*j - 2*j. Let f be c(1). Suppose 5*i - 1590 = i + a, 393 = i + f*a. Is i a prime number?
True
Let z(f) = 3 + 3189*f - 7 - 3353*f. Let j be z(-1). Suppose j + 119 = 9*h. Is h a composite number?
False
Let g be (13 - 12)*(1 - 93)*-1. Is 6/8 + 235175/g a prime number?
True
Suppose -134*l = -136*l. Suppose 5*w - 976 - 543 = 4*i, -2*i + 8 = l. Is w prime?
True
Let a = -25837 + 31911. Is a composite?
True
Let m = -149 - -151. Suppose 0 = 2*j + 4*f - f - 1438, -m*j = 2*f - 1434. Is j a prime number?
False
Let u = -232 + 232. Suppose -2*w + 6 = u, -2*w - 11392 = -5*i + 19437. Is i a composite number?
True
Let w(k) = -k**2 - 14*k + 3. Let z be w(-11). Let x = 34 - z. Is 2/6*(-27045)/(-5) + x a composite number?
False
Suppose -2*p = -19 + 239. Let d = -90 - p. Is (652/(-10))/(-2) + d/50 composite?
True
Let a be 72/9*2/4. Let u(l) = a*l**2 - l**2 - 2*l + 5 + l**3 - 2*l. Is u(6) a composite number?
True
Let y = 36562 - 21443. Is y prime?
False
Let k(u) = 16*u**2 + 16*u - 11. Let b(r) = -r**3 + 7*r**2 - 3*r - 18. Let l be b(4). Is k(l) a prime number?
False
Let b(j) be the first derivative of 12 + j**2 + 15*j + 1/4*j**4 + 10/3*j**3. Is b(-8) composite?
False
Suppose -3779 = -2*n - 5*o, 83*o = 85*o - 6. Is n prime?
False
Suppose 0 = 4*r - 12, -n + 5*r - 12 = 0. Suppose -10 = u - n*u. Suppose 4*g = u*g - 1637. Is g composite?
False
Suppose -124*n - 4*f + 313984 = -120*n, 5*n = -2*f + 392465. Is n composite?
True
Suppose 3*i - 2219 = 5*k - 368, -2*k = -i + 617. Let x = i - 15. Suppose 3*m = -5*y + 1013, 0 = 4*y - m - x - 222. Is y composite?
True
Let o be (-105)/6*(94/(-10) + 1). Let k = 1115 + o. Let i = -571 + k. Is i a prime number?
True
Is 521210 - (-27 + (-28)/(-7)) prime?
False
Let f = -12702 + 24699. Suppose 0 = 9*n - f - 4590. Is n a prime number?
False
Let t(c) = 2*c**2 - 7*c - 1. Let m be t(4). Suppose -m*s + 3*l + 5 = 11, s - 10 = -3*l. Is (5 - 941)/(-4) - (0 - s) a composite number?
True
Let y(a) = a**3 - a - 4. Let z be y(2). Suppose -8307 = -h + 2*j - 6*j, -z*h = 5*j - 16599. Is h prime?
True
Suppose 84*f = 91*f - 234352 - 251637. Is f prime?
True
Suppose -8*z - 213834 = -514606 - 363348. Is z composite?
True
Suppose 0 = 47*a - 48*a + 4. Let c(k) = k**3 - 4*k**2 + k + 3. Let g be c(a). Suppose g*d - 1389 = 1096. Is d a composite number?
True
Let p(y) = -2*y**3 - 3*y**2 - 23*y - 26. Let t be p(-11). Is t/4 - (-39)/(-78) prime?
True
Let v = -16 - -195. Let p = v + -75. Let f = 35 + p. Is f composite?
False
Let m = -442 + 470. Let x(h) = 4*h**2 - 15*h - 55. Is x(m) prime?
False
Let q(r) = 3*r**3 - r**2. Let s be q(1). Suppose 0 = -4*n - 5*m - 280 + 2901, 1983 = 3*n - s*m. Is n prime?
True
Let v(p) = 3*p**2 + 15*p - 72. Let x be v(8). Is 1426416/x*1*5 prime?
True
Suppose -163*f - 20 = -167*f. Is (-16)/4 + -63*(f - 48) prime?
False
Let c = 67 + -62. Suppose 0 = -3*n, 0*q = 5*q - c*n - 3810. Let l = -509 + q. Is l a prime number?
False
Let g = -102 - -113. Let f(c) = 4*c**2 - 6*c - 37. Is f(g) composite?
True
Let v be -7 - (-20)/5 - -40. Is (v - 35) + 0 + (5476 - -1) a prime number?
True
Let o(a) = -2679*a + 5717. Is o(-12) a prime number?
False
Suppose -24153911 = -207*g - 5703622 + 20165768. Is g a composite number?
False
Let c(b) = -b**2 - b + 52. Let z be c(-7). Suppose -26*u - z*u = -15804. Is u prime?
True
Suppose 0 = 2*f - 542 + 38. Suppose 248*w = f*w - 1204. Is w composite?
True
Let i = -6927 - -34898. Let u = i - 10129. Suppose -5*l + 3*f = -u, -l + 10709 = 2*l + 2*f. Is l prime?
False
Suppose 4*l - 10 = 10. Suppose -l*b - 6061 = -4*a, 3*a - 5*b - 1519 = 2*a. Suppose -2*s + 300 = -a. Is s a prime number?
True
Is (3 - -5 - (-3755331)/(-19))*-1 a prime number?
True
Suppose -4*z - 240 = -12*z. Suppose 0 = -z*d + 14*d + 108880. Is d prime?
False
Let k be 1 + (2 - 2) + 1. Suppose -k*j = j - 3747. Is j a prime number?
True
Suppose 680554 - 377076 = 28*j - 6494670. Is j a composite number?
True
Suppose 5*v = -4 + 14. Let g be ((-5)/(20/16))/v. Is (98/(-21))/(g/1191) composite?
True
Let k(t) = -3*t**3 - t - 5. Let b be k(-2). Let z = b - 12. Suppose -2*d + z*d = 3731. Is d a composite number?
True
Let h(k) = -292*k + 91*k + 39 - 142*k. Let b be h(4). Let a = b + 2984. Is a a composite number?
True
Is ((-2)/8)/((-37)/4285636) a prime number?
False
Is -3 + (0 - 1) - (-8149 - 44) a composite number?
True
Let q be (-2)/(-14) + 616075/(-133). Let j = q + 10013. Is j a composite number?
False
Suppose 2*z + 7*n - 2*n - 24 = 0, -4*z - 8 = -4*n. Suppose -u - z*w + 3589 = 0, u - 4*w = -2*w + 3589. Is u prime?
False
Let x = 44 - -686. Let w = -619 + x. Is w a composite number?
True
Let y(f) = 57*f - 8. Let l(v) = 59*v - 8. Let d(w) = 3*l(w) - 2*y(w). Is d(9) a prime number?
False
Let i = -7953 + 11262. Suppose 0 = 7*d - i - 25454. Is d composite?
True
Let q = -1644 - -35684. Suppose -14*y + 29618 = -q. Is y a prime number?
True
Let d = 7758 - 13257. Let r = -3421 - d. Let a = r + 843. Is a a composite number?
True
Let t = 259380 - 150043. Is t composite?
True
Let l = -94 + 2701. Suppose -147*d + 92300 = -82*d. Let w = l - d. Is w prime?
True
Let w(p) = -800*p - 3191. Is w(-35) composite?
False
Let q(t) = t**3 + 51*t**2 + 51*t + 60. Let z be q(-50). Is (-33488)/35*-17 + (-6)/z a prime number?
False
Let c = -29726 - -1269969. Is c a prime number?
False
Suppose 255*l - 4897164 = 154813671. Is l a composite number?
False
Is -8 - ((-14)/5)/((-10)/(-1272325)) composite?
False
Let s(h) = 25*h**3 - h**2 + 7*h - 4. Let w be s(7). Suppose w + 45540 = 3*x. Is x composite?
True
Suppose -n + 992 = 989, -n = -5*m + 1640182. Is m a composite number?
False
Suppose 0 = -2*w - 3*w + 4*n - 1003, -4*w = 5*n + 786. Let u = w - -254. Is u a prime number?
False
Suppose 0 = -3*p + 112 - 2038. Let b = p - -1075. Suppose -7*j - b = -2666. Is j composite?
True
Suppose 9868 = -4*j + 4*i, 4*j + i + 13026 = 3133. Let d = 4265 + j. Is d a composite number?
True
Let m = 1181 + -630. Let y = m + -44. Suppose y = 3*r - 0*r. Is r a prime number?
False
Let h(w) = 291*w**2 - w - 3. Let v be h(2). Let q = v + -536. Is q prime?
False
Let h(n) = 400*n**2 - 159*n - 3826. Is h(-25) prime?
False
Suppose 4 + 5 = -3*n. Let w(h) = -542*h + 15. Is w(n) prime?
False
Suppose 0 = -5*x - 3*v + 1022068, -4*v = 6*x - x - 1022069. Is x prime?
False
Let d(b) = 93*b**2 - 104*b - 1920. Is d(-41) composite?
True
Suppose -11*l + 232803 = -9*l + 7*l. Is l a prime number?
True
Suppose 2*j + 2*y - 1118727 = -3*y, 0 = -2*y - 14. Is j a composite number?
True
Suppose -1321811 + 4180339 = 32*j. Is j a prime number?
True
Let d(m) = m**3 - 